{"id":1889,"date":"2019-09-30T11:52:54","date_gmt":"2019-09-30T14:52:54","guid":{"rendered":"https:\/\/ifd2-nqn.infd.edu.ar\/sitio\/?page_id=1889"},"modified":"2023-09-26T11:10:35","modified_gmt":"2023-09-26T14:10:35","slug":"novedades-pei","status":"publish","type":"page","link":"https:\/\/ifd2-nqn.infd.edu.ar\/sitio\/profesorado-de-educacion-inicial\/novedades-pei\/","title":{"rendered":"Documentos"},"content":{"rendered":"<p><strong>CONTACTO:<\/strong><\/p>\n<p><strong><img decoding=\"async\" loading=\"lazy\" class=\"\" src=\"https:\/\/c.tenor.com\/Zi7IOW_EpPAAAAAC\/arrow-blue.gif\" alt=\"Arrow Blue GIF - Arrow Blue Turquoise - Descubre &amp; Comparte GIFs\" width=\"32\" height=\"18\" \/>Profesorado de Educaci\u00f3n Inicial:<\/strong><\/p>\n<p>Correo:\u00a0<a href=\"mailto:equipocoordinacionpei@gmail.com\">equipocoordinacionpei@gmail.com<\/a><\/p>\n<hr \/>\n<p><img decoding=\"async\" loading=\"lazy\" class=\"alignnone size-full wp-image-7040\" src=\"https:\/\/ifd2-nqn.infd.edu.ar\/sitio\/wp-content\/uploads\/2023\/09\/WhatsApp-Image-2023-09-26-at-10.35.18.jpeg\" alt=\"\" width=\"998\" height=\"699\" srcset=\"https:\/\/ifd2-nqn.infd.edu.ar\/sitio\/wp-content\/uploads\/2023\/09\/WhatsApp-Image-2023-09-26-at-10.35.18.jpeg 998w, https:\/\/ifd2-nqn.infd.edu.ar\/sitio\/wp-content\/uploads\/2023\/09\/WhatsApp-Image-2023-09-26-at-10.35.18-768x538.jpeg 768w\" sizes=\"(max-width: 998px) 100vw, 998px\" \/><\/p>\n<p><img decoding=\"async\" loading=\"lazy\" class=\"alignnone size-medium wp-image-7039\" src=\"https:\/\/ifd2-nqn.infd.edu.ar\/sitio\/wp-content\/uploads\/2023\/09\/WhatsApp-Image-2023-09-26-at-10.35.25-1000x704.jpeg\" alt=\"\" width=\"1000\" height=\"704\" srcset=\"https:\/\/ifd2-nqn.infd.edu.ar\/sitio\/wp-content\/uploads\/2023\/09\/WhatsApp-Image-2023-09-26-at-10.35.25-1000x704.jpeg 1000w, https:\/\/ifd2-nqn.infd.edu.ar\/sitio\/wp-content\/uploads\/2023\/09\/WhatsApp-Image-2023-09-26-at-10.35.25-768x541.jpeg 768w, https:\/\/ifd2-nqn.infd.edu.ar\/sitio\/wp-content\/uploads\/2023\/09\/WhatsApp-Image-2023-09-26-at-10.35.25.jpeg 1011w\" sizes=\"(max-width: 1000px) 100vw, 1000px\" \/><\/p>\n<hr \/>\n<h5><a href=\"https:\/\/ifd2-nqn.infd.edu.ar\/sitio\/wp-content\/uploads\/2023\/07\/Plan-de-Estudios-640.pdf\" target=\"_blank\" rel=\"noopener\">Click aqu\u00ed para descargar el Dise\u00f1o Curricular Profesorado Educaci\u00f3n Inicial \u2013 Plan 640<\/a><\/h5>\n","protected":false},"excerpt":{"rendered":"<p>CONTACTO: Profesorado de Educaci\u00f3n Inicial: Correo:\u00a0equipocoordinacionpei@gmail.com Click aqu\u00ed para descargar el Dise\u00f1o Curricular Profesorado Educaci\u00f3n Inicial \u2013 Plan 640<\/p>\n","protected":false},"author":134,"featured_media":0,"parent":816,"menu_order":0,"comment_status":"closed","ping_status":"closed","template":"","meta":[],"acf":[],"_links":{"self":[{"href":"https:\/\/ifd2-nqn.infd.edu.ar\/sitio\/wp-json\/wp\/v2\/pages\/1889"}],"collection":[{"href":"https:\/\/ifd2-nqn.infd.edu.ar\/sitio\/wp-json\/wp\/v2\/pages"}],"about":[{"href":"https:\/\/ifd2-nqn.infd.edu.ar\/sitio\/wp-json\/wp\/v2\/types\/page"}],"author":[{"embeddable":true,"href":"https:\/\/ifd2-nqn.infd.edu.ar\/sitio\/wp-json\/wp\/v2\/users\/134"}],"replies":[{"embeddable":true,"href":"https:\/\/ifd2-nqn.infd.edu.ar\/sitio\/wp-json\/wp\/v2\/comments?post=1889"}],"version-history":[{"count":11,"href":"https:\/\/ifd2-nqn.infd.edu.ar\/sitio\/wp-json\/wp\/v2\/pages\/1889\/revisions"}],"predecessor-version":[{"id":7050,"href":"https:\/\/ifd2-nqn.infd.edu.ar\/sitio\/wp-json\/wp\/v2\/pages\/1889\/revisions\/7050"}],"up":[{"embeddable":true,"href":"https:\/\/ifd2-nqn.infd.edu.ar\/sitio\/wp-json\/wp\/v2\/pages\/816"}],"wp:attachment":[{"href":"https:\/\/ifd2-nqn.infd.edu.ar\/sitio\/wp-json\/wp\/v2\/media?parent=1889"}],"curies":[{"name":"wp","href":"https:\/\/api.w.org\/{rel}","templated":true}]}}