{"id":1950,"date":"2019-10-16T17:34:42","date_gmt":"2019-10-16T20:34:42","guid":{"rendered":"https:\/\/ifd2-nqn.infd.edu.ar\/sitio\/?page_id=1950"},"modified":"2025-09-26T21:30:37","modified_gmt":"2025-09-27T00:30:37","slug":"discapacidad-accesibilidad","status":"publish","type":"page","link":"https:\/\/ifd2-nqn.infd.edu.ar\/sitio\/discapacidad-accesibilidad\/","title":{"rendered":"Accesibilidad"},"content":{"rendered":"<h2 style=\"text-align: center;\">Accesibilidad acad\u00e9mica y\/o situaci\u00f3n de discapacidad<\/h2>\n<p>Entendemos a la accesibilidad acad\u00e9mica como parte de las condiciones pedag\u00f3gicas de nuestra Instituci\u00f3n. Algunas situaciones de discapacidad requieren de un dispositivo de acompa\u00f1amiento especifico, que garantice las condiciones de igualdad.<br \/>\nSi deseas aportar informaci\u00f3n que se pueda utilizar para mejorar nuestras condiciones educativas, puedes hacerlo aqu\u00ed. Se preserva la confidencialidad .<\/p>\n<p>Desde ya Muchas Gracias!<\/p>\n<p><img decoding=\"async\" loading=\"lazy\" class=\"wp-image-5247 aligncenter\" src=\"https:\/\/ifd2-nqn.infd.edu.ar\/sitio\/wp-content\/uploads\/2022\/10\/WhatsApp-Image-2022-10-20-at-20.05.16-678x1000.jpeg\" alt=\"\" width=\"600\" height=\"885\" srcset=\"https:\/\/ifd2-nqn.infd.edu.ar\/sitio\/wp-content\/uploads\/2022\/10\/WhatsApp-Image-2022-10-20-at-20.05.16-678x1000.jpeg 678w, https:\/\/ifd2-nqn.infd.edu.ar\/sitio\/wp-content\/uploads\/2022\/10\/WhatsApp-Image-2022-10-20-at-20.05.16-768x1133.jpeg 768w, https:\/\/ifd2-nqn.infd.edu.ar\/sitio\/wp-content\/uploads\/2022\/10\/WhatsApp-Image-2022-10-20-at-20.05.16.jpeg 868w\" sizes=\"(max-width: 600px) 100vw, 600px\" \/><\/p>\n<p><strong><b><img decoding=\"async\" loading=\"lazy\" class=\"\" src=\"https:\/\/c.tenor.com\/iqo2FfPLq2gAAAAC\/arrow-flecha.gif\" alt=\"Arrow Flecha Sticker - Arrow Flecha Verde - Discover &amp; Share GIFs\" width=\"33\" height=\"19\">Accesibilidad<\/b><\/strong><\/p>\n<p>Para contactarnos &nbsp;<a href=\"https:\/\/forms.gle\/rG5L3UGxsWyxcfNg6\" target=\"_blank\" rel=\"noopener\">Completar Formulario&nbsp;&nbsp;<\/a><\/p>\n<p>Contacto: <a href=\"https:\/\/ifd2-nqn.infd.edu.ar\/sitio\/contacto-2\/accesibilidadisfd2@gmail.com\">accesibilidadisfd2@gmail.com<\/a><\/p>\n","protected":false},"excerpt":{"rendered":"<p>Accesibilidad acad\u00e9mica y\/o situaci\u00f3n de discapacidad Entendemos a la accesibilidad acad\u00e9mica como parte de las condiciones pedag\u00f3gicas de nuestra Instituci\u00f3n. Algunas situaciones de discapacidad requieren de un dispositivo de acompa\u00f1amiento especifico, que garantice las condiciones de igualdad. Si deseas aportar informaci\u00f3n que se pueda utilizar para mejorar nuestras condiciones educativas, puedes hacerlo aqu\u00ed. Se preserva &#8230; <a title=\"Accesibilidad\" class=\"read-more\" href=\"https:\/\/ifd2-nqn.infd.edu.ar\/sitio\/discapacidad-accesibilidad\/\" aria-label=\"More on Accesibilidad\">[+]<\/a><\/p>\n","protected":false},"author":134,"featured_media":0,"parent":0,"menu_order":0,"comment_status":"closed","ping_status":"closed","template":"","meta":[],"acf":[],"_links":{"self":[{"href":"https:\/\/ifd2-nqn.infd.edu.ar\/sitio\/wp-json\/wp\/v2\/pages\/1950"}],"collection":[{"href":"https:\/\/ifd2-nqn.infd.edu.ar\/sitio\/wp-json\/wp\/v2\/pages"}],"about":[{"href":"https:\/\/ifd2-nqn.infd.edu.ar\/sitio\/wp-json\/wp\/v2\/types\/page"}],"author":[{"embeddable":true,"href":"https:\/\/ifd2-nqn.infd.edu.ar\/sitio\/wp-json\/wp\/v2\/users\/134"}],"replies":[{"embeddable":true,"href":"https:\/\/ifd2-nqn.infd.edu.ar\/sitio\/wp-json\/wp\/v2\/comments?post=1950"}],"version-history":[{"count":9,"href":"https:\/\/ifd2-nqn.infd.edu.ar\/sitio\/wp-json\/wp\/v2\/pages\/1950\/revisions"}],"predecessor-version":[{"id":9389,"href":"https:\/\/ifd2-nqn.infd.edu.ar\/sitio\/wp-json\/wp\/v2\/pages\/1950\/revisions\/9389"}],"wp:attachment":[{"href":"https:\/\/ifd2-nqn.infd.edu.ar\/sitio\/wp-json\/wp\/v2\/media?parent=1950"}],"curies":[{"name":"wp","href":"https:\/\/api.w.org\/{rel}","templated":true}]}}