{"id":2992,"date":"2021-05-18T22:56:27","date_gmt":"2021-05-19T01:56:27","guid":{"rendered":"https:\/\/ifd2-nqn.infd.edu.ar\/sitio\/?page_id=2992"},"modified":"2025-06-04T10:23:39","modified_gmt":"2025-06-04T13:23:39","slug":"contacto-2","status":"publish","type":"page","link":"https:\/\/ifd2-nqn.infd.edu.ar\/sitio\/contacto-2\/","title":{"rendered":"CONTACTOS"},"content":{"rendered":"<h5><span style=\"color: #008080;\"><b>Rectorado ISFD N\u00ba2:<\/b><\/span><\/h5>\n<p><b><img decoding=\"async\" loading=\"lazy\" class=\"\" src=\"https:\/\/c.tenor.com\/iqo2FfPLq2gAAAAC\/arrow-flecha.gif\" alt=\"Arrow Flecha Sticker - Arrow Flecha Verde - Discover &amp; Share GIFs\" width=\"33\" height=\"19\" \/> Direcci\u00f3n ISFD N\u00ba2 Chos Malal:<\/b><\/p>\n<p><span style=\"font-weight: 400;\">Correo: <\/span><a href=\"mailto:ifd02chosmalal@neuquen.gov.ar\"><span style=\"font-weight: 400;\">ifd02chosmalal@neuquen.edu.ar<\/span><\/a><b><\/b><\/p>\n<hr \/>\n<h5><span style=\"color: #008080;\"><b>Secretar\u00edas ISFD N\u00ba2:<\/b><\/span><\/h5>\n<p><strong><img decoding=\"async\" loading=\"lazy\" class=\"\" src=\"https:\/\/c.tenor.com\/Zi7IOW_EpPAAAAAC\/arrow-blue.gif\" alt=\"Arrow Blue GIF - Arrow Blue Turquoise - Descubre &amp; Comparte GIFs\" width=\"32\" height=\"18\" \/>Secretar\u00eda Acad\u00e9mica:<\/strong><\/p>\n<p><span style=\"font-weight: 400;\">Correo: <\/span><a href=\"mailto:secretariaacademicaisfd2@gmail.com\"><span style=\"font-weight: 400;\">secretariaacademicaisfd2@gmail.com<\/span><\/a><\/p>\n<p><strong><img decoding=\"async\" loading=\"lazy\" class=\"\" src=\"https:\/\/c.tenor.com\/Zi7IOW_EpPAAAAAC\/arrow-blue.gif\" alt=\"Arrow Blue GIF - Arrow Blue Turquoise - Descubre &amp; Comparte GIFs\" width=\"32\" height=\"18\" \/>Secretar\u00eda de Extensi\u00f3n:<\/strong><\/p>\n<p><span style=\"font-weight: 400;\">Correo: <a href=\"mailto:extensionifd2@gmail.com\">extensionifd2@gmail.com<\/a><\/span><\/p>\n<p><strong><img decoding=\"async\" loading=\"lazy\" class=\"\" src=\"https:\/\/c.tenor.com\/Zi7IOW_EpPAAAAAC\/arrow-blue.gif\" alt=\"Arrow Blue GIF - Arrow Blue Turquoise - Descubre &amp; Comparte GIFs\" width=\"32\" height=\"18\" \/>Secretar\u00eda de Investigaci\u00f3n:<\/strong><\/p>\n<p><span style=\"font-weight: 400;\">Correo: <a href=\"mailto:secretariadeinvestigacionifd2@gmail.com\">secretariadeinvestigacionifd2@gmail.com<\/a><\/span><\/p>\n<p><span style=\"font-weight: 400;\"><strong><img decoding=\"async\" loading=\"lazy\" class=\"\" src=\"https:\/\/c.tenor.com\/Zi7IOW_EpPAAAAAC\/arrow-blue.gif\" alt=\"Arrow Blue GIF - Arrow Blue Turquoise - Descubre &amp; Comparte GIFs\" width=\"32\" height=\"18\" \/>Secretar\u00eda Administrativa:<\/strong><\/span><\/p>\n<p><span style=\"font-weight: 400;\">Correo:\u00a0<\/span><a href=\"mailto:secretariaisfd2@gmail.com\"><span style=\"font-weight: 400;\">secretariaisfd2@gmail.com<\/span><\/a><\/p>\n<hr \/>\n<h5><span style=\"color: #008080;\"><b>Secretar\u00edas Profesorados ISFD N\u00ba2:<\/b><\/span><\/h5>\n<p><strong><img decoding=\"async\" loading=\"lazy\" class=\"\" src=\"https:\/\/c.tenor.com\/Zi7IOW_EpPAAAAAC\/arrow-blue.gif\" alt=\"Arrow Blue GIF - Arrow Blue Turquoise - Descubre &amp; Comparte GIFs\" width=\"32\" height=\"18\" \/>Secretar\u00eda Profesorado de Educaci\u00f3n Inicial<\/strong><\/p>\n<p>Correo:\u00a0<a href=\"mailto:secretariainicialisfd2@gmail.com\"><span style=\"font-weight: 400;\">secretariainicialisfd2@gmail.com<\/span><\/a><\/p>\n<p><strong><img decoding=\"async\" loading=\"lazy\" class=\"\" src=\"https:\/\/c.tenor.com\/Zi7IOW_EpPAAAAAC\/arrow-blue.gif\" alt=\"Arrow Blue GIF - Arrow Blue Turquoise - Descubre &amp; Comparte GIFs\" width=\"32\" height=\"18\" \/>Secretar\u00eda Profesorado de Educaci\u00f3n Primaria<\/strong><\/p>\n<p>Correo: <a href=\"mailto:secretariainicialisfd2@gmail.com\"><span style=\"font-weight: 400;\">secretariaprimariaisfd2@gmail.com<\/span><\/a><\/p>\n<p><strong><img decoding=\"async\" loading=\"lazy\" class=\"\" src=\"https:\/\/c.tenor.com\/Zi7IOW_EpPAAAAAC\/arrow-blue.gif\" alt=\"Arrow Blue GIF - Arrow Blue Turquoise - Descubre &amp; Comparte GIFs\" width=\"32\" height=\"18\" \/>Secretar\u00eda Profesorado de Lengua\u00a0<\/strong><\/p>\n<p><span style=\"font-weight: 400;\">Correo: <\/span><a href=\"mailto:secretariainicialisfd2@gmail.com\"><span style=\"font-weight: 400;\">secretarialenguaisfd2@gmail.com<\/span><\/a><\/p>\n<p><strong><img decoding=\"async\" loading=\"lazy\" class=\"\" src=\"https:\/\/c.tenor.com\/Zi7IOW_EpPAAAAAC\/arrow-blue.gif\" alt=\"Arrow Blue GIF - Arrow Blue Turquoise - Descubre &amp; Comparte GIFs\" width=\"32\" height=\"18\" \/>Secretar\u00eda Profesorado de Ingl\u00e9s\u00a0<\/strong><\/p>\n<p><span style=\"font-weight: 400;\">Correo: <\/span><a href=\"mailto:secretariainicialisfd2@gmail.com\"><span style=\"font-weight: 400;\">secretariainglesisfd2@gmail.com<\/span><\/a><\/p>\n<p><span style=\"font-weight: 400;\"><strong><img decoding=\"async\" loading=\"lazy\" class=\"\" src=\"https:\/\/c.tenor.com\/Zi7IOW_EpPAAAAAC\/arrow-blue.gif\" alt=\"Arrow Blue GIF - Arrow Blue Turquoise - Descubre &amp; Comparte GIFs\" width=\"32\" height=\"18\" \/>Secretar\u00eda Profesorado de Matem\u00e1tica<\/strong><\/span><\/p>\n<p><span style=\"font-weight: 400;\">Correo: <\/span><a href=\"mailto:secretariainicialisfd2@gmail.com\"><span style=\"font-weight: 400;\">secretariamatematicaisfd2@gmail.com<\/span><\/a>\u00a0<\/p>\n<p><span style=\"font-weight: 400;\"><strong><img decoding=\"async\" loading=\"lazy\" class=\"\" src=\"https:\/\/c.tenor.com\/Zi7IOW_EpPAAAAAC\/arrow-blue.gif\" alt=\"Arrow Blue GIF - Arrow Blue Turquoise - Descubre &amp; Comparte GIFs\" width=\"32\" height=\"18\" \/>Secretar\u00eda Profesorado de F\u00edsica\u00a0<\/strong><\/span><\/p>\n<p><span style=\"font-weight: 400;\">Correo: <\/span><a href=\"mailto:secretariainicialisfd2@gmail.com\"><span style=\"font-weight: 400;\">secretariafisicaisfd2@gmail.com<\/span><\/a><\/p>\n<p><span style=\"font-weight: 400;\"><strong><img decoding=\"async\" loading=\"lazy\" class=\"\" src=\"https:\/\/c.tenor.com\/Zi7IOW_EpPAAAAAC\/arrow-blue.gif\" alt=\"Arrow Blue GIF - Arrow Blue Turquoise - Descubre &amp; Comparte GIFs\" width=\"32\" height=\"18\" \/>Secretar\u00eda Profesorado de Biolog\u00eda\u00a0<\/strong><\/span><\/p>\n<p><span style=\"font-weight: 400;\">Correo: <\/span><a href=\"mailto:secretariainicialisfd2@gmail.com\"><span style=\"font-weight: 400;\">secretariabiologiaisfd2@gmail.com<\/span><\/a><\/p>\n<p><span style=\"font-weight: 400;\"><strong><img decoding=\"async\" loading=\"lazy\" class=\"\" src=\"https:\/\/c.tenor.com\/Zi7IOW_EpPAAAAAC\/arrow-blue.gif\" alt=\"Arrow Blue GIF - Arrow Blue Turquoise - Descubre &amp; Comparte GIFs\" width=\"32\" height=\"18\" \/>Secretar\u00eda Profesorado de Educaci\u00f3n\u00a0 F\u00edsica\u00a0<\/strong><\/span><\/p>\n<p><span style=\"font-weight: 400;\">Correo: <\/span><a href=\"mailto:secretariainicialisfd2@gmail.com\"><span style=\"font-weight: 400;\">secretariapefisfd2@gmail.com<\/span><\/a>\u00a0<\/p>\n<p>\u00a0<\/p>\n<hr \/>\n<h5><span style=\"color: #008080;\"><b>Preceptor\u00edas Profesorados ISFD N\u00ba2:<\/b><\/span><\/h5>\n<p><strong><img decoding=\"async\" loading=\"lazy\" class=\"\" src=\"https:\/\/c.tenor.com\/Zi7IOW_EpPAAAAAC\/arrow-blue.gif\" alt=\"Arrow Blue GIF - Arrow Blue Turquoise - Descubre &amp; Comparte GIFs\" width=\"32\" height=\"18\" \/>Preceptor\u00eda Profesorado para la Ense\u00f1anza en Primaria:<\/strong><\/p>\n<p><span style=\"font-weight: 400;\">Correo: <a href=\"mailto:preceptoriaisfd2primaria@gmail.com\">preceptoriaisfd2primaria@gmail.com<\/a><\/span><\/p>\n<p><strong><img decoding=\"async\" loading=\"lazy\" class=\"\" src=\"https:\/\/c.tenor.com\/Zi7IOW_EpPAAAAAC\/arrow-blue.gif\" alt=\"Arrow Blue GIF - Arrow Blue Turquoise - Descubre &amp; Comparte GIFs\" width=\"32\" height=\"18\" \/>Preceptor\u00eda Profesorado de Educaci\u00f3n Inicial:<\/strong><\/p>\n<p><span style=\"font-weight: 400;\">Correo: <a href=\"mailto:preceptoriaisfd2inicial@gmail.com\">preceptoriaisfd2inicial@gmail.com<\/a><\/span><\/p>\n<p><strong><img decoding=\"async\" loading=\"lazy\" class=\"\" src=\"https:\/\/c.tenor.com\/Zi7IOW_EpPAAAAAC\/arrow-blue.gif\" alt=\"Arrow Blue GIF - Arrow Blue Turquoise - Descubre &amp; Comparte GIFs\" width=\"32\" height=\"18\" \/>Preceptor\u00eda Profesorado de Eduaci\u00f3n F\u00edsica:<\/strong><\/p>\n<p><span style=\"font-weight: 400;\">Correo:\u00a0<a href=\"taeedf20@gmail.com\">taeedf20@gmail.com<\/a><\/span><\/p>\n<p><strong><img decoding=\"async\" loading=\"lazy\" class=\"\" src=\"https:\/\/c.tenor.com\/Zi7IOW_EpPAAAAAC\/arrow-blue.gif\" alt=\"Arrow Blue GIF - Arrow Blue Turquoise - Descubre &amp; Comparte GIFs\" width=\"32\" height=\"18\" \/>Preceptor\u00eda Profesorado de Educaci\u00f3n Secundaria en Matem\u00e1tica:<\/strong><\/p>\n<p><span style=\"font-weight: 400;\">Correo: <a href=\"mailto:preceptoriaisfd2matematica@gmail.com\">preceptoriaisfd2matematica@gmail.com<\/a><\/span><\/p>\n<p><strong><img decoding=\"async\" loading=\"lazy\" class=\"\" src=\"https:\/\/c.tenor.com\/Zi7IOW_EpPAAAAAC\/arrow-blue.gif\" alt=\"Arrow Blue GIF - Arrow Blue Turquoise - Descubre &amp; Comparte GIFs\" width=\"32\" height=\"18\" \/>Preceptor\u00eda Profesorado de Educaci\u00f3n Secundaria en Biolog\u00eda:<\/strong><\/p>\n<p><span style=\"font-weight: 400;\">Correo: <a href=\"mailto:preceptoriaisfd2biologia@gmail.com\">preceptoriaisfd2biologia@gmail.com<\/a><\/span><\/p>\n<p><strong><img decoding=\"async\" loading=\"lazy\" class=\"\" src=\"https:\/\/c.tenor.com\/Zi7IOW_EpPAAAAAC\/arrow-blue.gif\" alt=\"Arrow Blue GIF - Arrow Blue Turquoise - Descubre &amp; Comparte GIFs\" width=\"32\" height=\"18\" \/>Preceptor\u00eda Profesorado de Educaci\u00f3n Secundaria en Lengua y Literatura:<\/strong><\/p>\n<p><span style=\"font-weight: 400;\">Correo: <a href=\"mailto:preceptoriaisfd2lengua@gmail.com\">preceptoriaisfd2lengua@gmail.com<\/a><\/span><\/p>\n<p><strong><img decoding=\"async\" loading=\"lazy\" class=\"\" src=\"https:\/\/c.tenor.com\/Zi7IOW_EpPAAAAAC\/arrow-blue.gif\" alt=\"Arrow Blue GIF - Arrow Blue Turquoise - Descubre &amp; Comparte GIFs\" width=\"32\" height=\"18\" \/>Preceptor\u00eda Profesorado de Educaci\u00f3n Secundaria en F\u00edsica:<\/strong><\/p>\n<p><span style=\"font-weight: 400;\">Correo: <a href=\"mailto:preceptoriaisfd2fisica@gmail.com\">preceptoriaisfd2fisica@gmail.com<\/a><\/span><\/p>\n<p><strong><img decoding=\"async\" loading=\"lazy\" class=\"\" src=\"https:\/\/c.tenor.com\/Zi7IOW_EpPAAAAAC\/arrow-blue.gif\" alt=\"Arrow Blue GIF - Arrow Blue Turquoise - Descubre &amp; Comparte GIFs\" width=\"32\" height=\"18\" \/>Preceptor\u00eda Profesorado de Ingl\u00e9s:<\/strong><\/p>\n<p><span style=\"font-weight: 400;\">Correo: <a href=\"mailto:preceptoriaisfd2ingles@gmail.com\">preceptoriaisfd2ingles@gmail.com<\/a><\/span><\/p>\n<hr \/>\n<h5><span style=\"color: #008080;\"><b>Coordinaciones de Pr\u00e1cticas ISFD N\u00ba2:<\/b><\/span><\/h5>\n<p><strong><img decoding=\"async\" loading=\"lazy\" class=\"\" src=\"https:\/\/c.tenor.com\/Zi7IOW_EpPAAAAAC\/arrow-blue.gif\" alt=\"Arrow Blue GIF - Arrow Blue Turquoise - Descubre &amp; Comparte GIFs\" width=\"32\" height=\"18\" \/>Coordinaci\u00f3n de la pr\u00e1ctica Nivel Medio:<\/strong><\/p>\n<p><a href=\"mailto:practicanivelmedioisfd2@gmail.com\"><span style=\"font-weight: 400;\">practicanivelmedioisfd2@gmail.com<\/span><\/a><\/p>\n<p><strong><img decoding=\"async\" loading=\"lazy\" class=\"\" src=\"https:\/\/c.tenor.com\/Zi7IOW_EpPAAAAAC\/arrow-blue.gif\" alt=\"Arrow Blue GIF - Arrow Blue Turquoise - Descubre &amp; Comparte GIFs\" width=\"32\" height=\"18\" \/>Coordinaci\u00f3n de la pr\u00e1ctica Nivel Inicial Primaria:<\/strong><\/p>\n<p><span style=\"font-weight: 400;\"><a href=\"mailto:practicainicialyprimariaisfd@gmail.com\">practicainicialyprimariaisfd@gmail.com<\/a>\u00a0<\/span><\/p>\n<hr \/>\n<h5><span style=\"color: #008080;\"><b>Coordinaciones de Carrera ISFD N\u00ba2:<\/b><\/span><\/h5>\n<p><strong><img decoding=\"async\" loading=\"lazy\" class=\"\" src=\"https:\/\/c.tenor.com\/Zi7IOW_EpPAAAAAC\/arrow-blue.gif\" alt=\"Arrow Blue GIF - Arrow Blue Turquoise - Descubre &amp; Comparte GIFs\" width=\"32\" height=\"18\" \/>Profesorado para la Ense\u00f1anza Primaria:<\/strong><\/p>\n<p><span style=\"font-weight: 400;\">Correo: <a href=\"mailto:coordinacionpep21@gmail.com\">coordinacionpep21@gmail.com<\/a><\/span><\/p>\n<p><strong><img decoding=\"async\" loading=\"lazy\" class=\"\" src=\"https:\/\/c.tenor.com\/Zi7IOW_EpPAAAAAC\/arrow-blue.gif\" alt=\"Arrow Blue GIF - Arrow Blue Turquoise - Descubre &amp; Comparte GIFs\" width=\"32\" height=\"18\" \/>Profesorado de Educaci\u00f3n Inicial:<\/strong><\/p>\n<p><span style=\"font-weight: 400;\">Correo: <a href=\"mailto:equipocoordinacionpei@gmail.com\">equipocoordinacionpei@gmail.com<\/a><\/span><\/p>\n<p><strong><img decoding=\"async\" loading=\"lazy\" class=\"\" src=\"https:\/\/c.tenor.com\/Zi7IOW_EpPAAAAAC\/arrow-blue.gif\" alt=\"Arrow Blue GIF - Arrow Blue Turquoise - Descubre &amp; Comparte GIFs\" width=\"32\" height=\"18\" \/>Profesorado de Educaci\u00f3n Secundaria en Biolog\u00eda (Sede Chos Malal):<\/strong><\/p>\n<p><span style=\"font-weight: 400;\">Correo: <a href=\"mailto:coordinacion.biologia.chos@gmail.com\">coordinacion.biologia.chos@gmail.com<\/a><\/span><\/p>\n<p><strong><img decoding=\"async\" loading=\"lazy\" class=\"\" src=\"https:\/\/c.tenor.com\/Zi7IOW_EpPAAAAAC\/arrow-blue.gif\" alt=\"Arrow Blue GIF - Arrow Blue Turquoise - Descubre &amp; Comparte GIFs\" width=\"32\" height=\"18\" \/>Profesorado de Educaci\u00f3n Secundaria en Matem\u00e1tica:<\/strong><\/p>\n<p><span style=\"font-weight: 400;\">Correo: <a href=\"mailto:coordinacionmatematicaisfd2@gmail.com\">coordinacionmatematicaisfd2@gmail.com<\/a><\/span><\/p>\n<p><strong><img decoding=\"async\" loading=\"lazy\" class=\"\" src=\"https:\/\/c.tenor.com\/Zi7IOW_EpPAAAAAC\/arrow-blue.gif\" alt=\"Arrow Blue GIF - Arrow Blue Turquoise - Descubre &amp; Comparte GIFs\" width=\"32\" height=\"18\" \/>Profesorado de F\u00edsica:<\/strong><\/p>\n<p><span style=\"font-weight: 400;\">Correo:<a href=\"mailto:coordinacionpfisica@gmail.com\"> coordinacionpfisica@gmail.com<\/a><\/span><\/p>\n<p><strong><img decoding=\"async\" loading=\"lazy\" class=\"\" src=\"https:\/\/c.tenor.com\/Zi7IOW_EpPAAAAAC\/arrow-blue.gif\" alt=\"Arrow Blue GIF - Arrow Blue Turquoise - Descubre &amp; Comparte GIFs\" width=\"32\" height=\"18\" \/>Profesorado de Educaci\u00f3n F\u00edsica:<\/strong><\/p>\n<p><span style=\"font-weight: 400;\">Correo: <a href=\"mailto:coordinacionpef.chml@gmail.com\">coordinacionpef.chml@gmail.com<\/a><\/span><\/p>\n<p><strong><img decoding=\"async\" loading=\"lazy\" class=\"\" src=\"https:\/\/c.tenor.com\/Zi7IOW_EpPAAAAAC\/arrow-blue.gif\" alt=\"Arrow Blue GIF - Arrow Blue Turquoise - Descubre &amp; Comparte GIFs\" width=\"32\" height=\"18\" \/>Profesorado de Ingl\u00e9s:\u00a0<\/strong><\/p>\n<p><span style=\"font-weight: 400;\">Correo: <a href=\"mailto:coordinacioninglesisfd2@gmail.com\">coordinacioninglesisfd2@gmail.com<\/a><\/span><\/p>\n<p><strong><img decoding=\"async\" loading=\"lazy\" class=\"\" src=\"https:\/\/c.tenor.com\/Zi7IOW_EpPAAAAAC\/arrow-blue.gif\" alt=\"Arrow Blue GIF - Arrow Blue Turquoise - Descubre &amp; Comparte GIFs\" width=\"32\" height=\"18\" \/>Profesorado de Lengua y Literatura:<\/strong><\/p>\n<p><span style=\"font-weight: 400;\">Correo: <a href=\"mailto:coordinacionlenguaisfd2@gmail.com\">coordinacionlenguaisfd2@gmail.com\u00a0<\/a><\/span><\/p>\n<hr \/>\n<h5><span style=\"color: #008080;\"><b>Centro de Estudiantes ISFD N\u00ba2:<\/b><\/span><\/h5>\n<p><span style=\"font-weight: 400;\">Correo: <a href=\"mailto:centroestudiantesisfd2@gmail.com\">centroestudiantesisfd2@gmail.com<\/a><\/span><\/p>\n<hr \/>\n<h5><span style=\"color: #008080;\"><b>Aulas Virtuales ISFD N\u00ba2:<\/b><\/span><\/h5>\n<p><strong><b><img decoding=\"async\" loading=\"lazy\" class=\"\" src=\"https:\/\/c.tenor.com\/iqo2FfPLq2gAAAAC\/arrow-flecha.gif\" alt=\"Arrow Flecha Sticker - Arrow Flecha Verde - Discover &amp; Share GIFs\" width=\"33\" height=\"19\" \/><\/b>Aulas Virtuales Docentes:<\/strong><\/p>\n<p><span style=\"font-weight: 400;\">Correo: <a href=\"mailto:aulasvirtualesdocentes@gmail.com\">aulasvirtualesdocentes@gmail.com<\/a><\/span><\/p>\n<p><strong><b><img decoding=\"async\" loading=\"lazy\" class=\"\" src=\"https:\/\/c.tenor.com\/iqo2FfPLq2gAAAAC\/arrow-flecha.gif\" alt=\"Arrow Flecha Sticker - Arrow Flecha Verde - Discover &amp; Share GIFs\" width=\"33\" height=\"19\" \/><\/b>Aulas Virtuales Estudiantes:<\/strong><\/p>\n<p><span style=\"font-weight: 400;\">Correo: <a href=\"mailto:aulasvirtualesestudiantes@gmail.com\">aulasvirtualesestudiantes@gmail.com\u00a0<\/a><\/span><\/p>\n<hr \/>\n<h5><span style=\"color: #008080;\"><b>Biblioteca ISFD N\u00ba2:<\/b><\/span><\/h5>\n<p><span style=\"font-weight: 400;\">Correo: <\/span><a href=\"https:\/\/ifd2-nqn.infd.edu.ar\/sitio\/biblioteca\/bibliotecaspisfd2@gmail.com\"><span style=\"font-weight: 400;\">bibliotecaspisfd2@gmail.com<\/span><\/a><\/p>\n<hr \/>\n<h5><span style=\"color: #008080;\"><b>Equipo de Comunicaci\u00f3n ISFD N\u00ba2:<\/b><\/span><\/h5>\n<p><span style=\"font-weight: 400;\">Correo: <a href=\"mailto:comunicacionisfd2@gmail.com\">comunicacionisfd2@gmail.com<\/a><\/span><\/p>\n<hr \/>\n<h5><span style=\"color: #008080;\"><b>F.RE.T.A.E.<\/b><\/span><\/h5>\n<p><span style=\"font-weight: 400;\">Correo:\u00a0<\/span><a href=\"fretaeisfd2@gmail.com\" target=\"_blank\" rel=\"noopener\">fretaeisfd2@gmail.com<\/a><\/p>\n<hr \/>\n<h5><span style=\"color: #008080;\"><b>F.RE.L.A.E.<\/b><\/span><\/h5>\n<p>Correo:\u00a0<a href=\"frelaeisfd2@gmail.com\" target=\"_blank\" rel=\"noopener\">frelaeisfd2@gmail.com<\/a><\/p>\n<hr \/>\n<p>\u00a0<\/p>\n<h5><span style=\"color: #008080;\"><b>Equipo de Accesibilidad ISFD N\u00ba2:<\/b><\/span><\/h5>\n<p><span style=\"font-weight: 400;\">Correo:\u00a0\u00a0<a href=\"accesibilidadisfd2@gmail.com\">accesibilidadisfd2@gmail.com<\/a><\/span><\/p>\n<hr \/>\n<h5><span style=\"color: #008080;\"><b>Protocolo de Violencia ISFD N\u00ba2:<\/b><\/span><\/h5>\n<p>Correo:\u00a0<a href=\"https:\/\/ifd2-nqn.infd.edu.ar\/sitio\/protocolo-de-violencia\/violenciamujeresisfd2@gmail.com\">violenciamujeresisfd2@gmail.com<\/a><\/p>\n<hr \/>\n<h5><span style=\"color: #008080;\"><b>Junta Electoral ISFD N\u00ba2:<\/b><\/span><\/h5>\n<p>Correo:\u00a0<a href=\"mailto:juntaelectoralisfd2@gmail.com\" target=\"_blank\" rel=\"noopener\"><span style=\"font-weight: 400;\">juntaelectoralisfd2@gmail.com<\/span><\/a><\/p>\n<hr \/>\n<h5><span style=\"color: #008080;\"><b>Licencias ISFD N\u00ba2:<\/b><\/span><\/h5>\n<p><span style=\"font-weight: 400;\">Correo: <\/span><a href=\"mailto:licenciasisfdn2@gmail.com\">licenciasisfdn2@gmail.com<\/a><\/p>\n<hr \/>\n<p><strong data-rich-text-format-boundary=\"true\">Seguinos en Nuestras Redes\u00a0\u00a0<\/strong><\/p>\n<p><a href=\"https:\/\/www.facebook.com\/ISFD2\/\"><img decoding=\"async\" loading=\"lazy\" class=\"\" src=\"https:\/\/ifd2-nqn.infd.edu.ar\/sitio\/wp-content\/uploads\/2019\/12\/facebook_social_fb_7213.png\" alt=\"La imagen tiene un atributo ALT vac\u00edo; su nombre de archivo es facebook_social_fb_7213.png\" width=\"34\" height=\"34\" \/><\/a>\u00a0 <a href=\"https:\/\/www.instagram.com\/isfd2\/?utm_medium=copy_link\"><img decoding=\"async\" loading=\"lazy\" class=\"\" src=\"https:\/\/ifd2-nqn.infd.edu.ar\/sitio\/wp-content\/uploads\/2022\/02\/1025px-Instagram-Icon-1000x1000.png\" alt=\"La imagen tiene un atributo ALT vac\u00edo; su nombre de archivo es 1025px-Instagram-Icon-1000x1000.png\" width=\"35\" height=\"35\" \/><\/a> <a href=\"https:\/\/www.youtube.com\/channel\/UCmA8HRjeoXULznAbm9l35gw?view_as=subscriber\"><img decoding=\"async\" loading=\"lazy\" class=\"\" src=\"https:\/\/ifd2-nqn.infd.edu.ar\/sitio\/wp-content\/uploads\/2019\/12\/kisspng-youtube-computer-icons-logo-clip-art-5b3871d0eaddb7.296285981530425808962-1.jpg\" alt=\"La imagen tiene un atributo ALT vac\u00edo; su nombre de archivo es kisspng-youtube-computer-icons-logo-clip-art-5b3871d0eaddb7.296285981530425808962-1.jpg\" width=\"45\" height=\"32\" \/><\/a><\/p>\n\n\n<p><strong>&nbsp; &nbsp;&nbsp; &nbsp; <\/strong><\/p>\n\n\n\n<p><\/p>\n","protected":false},"excerpt":{"rendered":"<p>Rectorado ISFD N\u00ba2: Direcci\u00f3n ISFD N\u00ba2 Chos Malal: Correo: ifd02chosmalal@neuquen.edu.ar Secretar\u00edas ISFD N\u00ba2: Secretar\u00eda Acad\u00e9mica: Correo: secretariaacademicaisfd2@gmail.com Secretar\u00eda de Extensi\u00f3n: Correo: extensionifd2@gmail.com Secretar\u00eda de Investigaci\u00f3n: Correo: secretariadeinvestigacionifd2@gmail.com Secretar\u00eda Administrativa: Correo:\u00a0secretariaisfd2@gmail.com Secretar\u00edas Profesorados ISFD N\u00ba2: Secretar\u00eda Profesorado de Educaci\u00f3n Inicial Correo:\u00a0secretariainicialisfd2@gmail.com Secretar\u00eda Profesorado de Educaci\u00f3n Primaria Correo: secretariaprimariaisfd2@gmail.com Secretar\u00eda Profesorado de Lengua\u00a0 Correo: secretarialenguaisfd2@gmail.com Secretar\u00eda Profesorado &#8230; <a title=\"CONTACTOS\" class=\"read-more\" href=\"https:\/\/ifd2-nqn.infd.edu.ar\/sitio\/contacto-2\/\" aria-label=\"More on CONTACTOS\">[+]<\/a><\/p>\n","protected":false},"author":134,"featured_media":0,"parent":0,"menu_order":0,"comment_status":"closed","ping_status":"closed","template":"","meta":[],"acf":[],"_links":{"self":[{"href":"https:\/\/ifd2-nqn.infd.edu.ar\/sitio\/wp-json\/wp\/v2\/pages\/2992"}],"collection":[{"href":"https:\/\/ifd2-nqn.infd.edu.ar\/sitio\/wp-json\/wp\/v2\/pages"}],"about":[{"href":"https:\/\/ifd2-nqn.infd.edu.ar\/sitio\/wp-json\/wp\/v2\/types\/page"}],"author":[{"embeddable":true,"href":"https:\/\/ifd2-nqn.infd.edu.ar\/sitio\/wp-json\/wp\/v2\/users\/134"}],"replies":[{"embeddable":true,"href":"https:\/\/ifd2-nqn.infd.edu.ar\/sitio\/wp-json\/wp\/v2\/comments?post=2992"}],"version-history":[{"count":25,"href":"https:\/\/ifd2-nqn.infd.edu.ar\/sitio\/wp-json\/wp\/v2\/pages\/2992\/revisions"}],"predecessor-version":[{"id":8954,"href":"https:\/\/ifd2-nqn.infd.edu.ar\/sitio\/wp-json\/wp\/v2\/pages\/2992\/revisions\/8954"}],"wp:attachment":[{"href":"https:\/\/ifd2-nqn.infd.edu.ar\/sitio\/wp-json\/wp\/v2\/media?parent=2992"}],"curies":[{"name":"wp","href":"https:\/\/api.w.org\/{rel}","templated":true}]}}