{"id":804,"date":"2018-08-31T13:53:28","date_gmt":"2018-08-31T16:53:28","guid":{"rendered":"https:\/\/ifd2-nqn.infd.edu.ar\/sitio\/profesorado-de-matematica\/"},"modified":"2024-08-28T01:05:53","modified_gmt":"2024-08-28T04:05:53","slug":"profesorado-de-matematica","status":"publish","type":"page","link":"https:\/\/ifd2-nqn.infd.edu.ar\/sitio\/profesorado-de-matematica\/","title":{"rendered":"Profesorado de Educaci\u00f3n Secundaria en Matem\u00e1tica"},"content":{"rendered":"<p style=\"text-align: center;\"><\/p>\n\n\n<\/p>\n<strong>El Plan de Estudios 577 de la carrera de\u00a0Profesorado en Matem\u00e1tica\u00a0tiene por finalidad la formaci\u00f3n pedag\u00f3gica, cient\u00edfica y t\u00e9cnica de docentes para desarrollar su pr\u00e1ctica en el \u00e1rea de las Matem\u00e1ticas, en los niveles secundario y terciario del sistema educativo, y en el \u00e1mbito de la educaci\u00f3n no formal.<\/strong>\n<p style=\"text-align: center;\">\n\n\n\n<figure class=\"wp-block-image\"><img decoding=\"async\" loading=\"lazy\" width=\"1900\" height=\"1468\" src=\"https:\/\/ifd2-nqn.infd.edu.ar\/sitio\/wp-content\/uploads\/2024\/08\/1-2-1900x1468.png\" alt=\"\" class=\"wp-image-7869\" srcset=\"https:\/\/ifd2-nqn.infd.edu.ar\/sitio\/wp-content\/uploads\/2024\/08\/1-2-1900x1468.png 1900w, https:\/\/ifd2-nqn.infd.edu.ar\/sitio\/wp-content\/uploads\/2024\/08\/1-2-1000x773.png 1000w, https:\/\/ifd2-nqn.infd.edu.ar\/sitio\/wp-content\/uploads\/2024\/08\/1-2-768x593.png 768w, https:\/\/ifd2-nqn.infd.edu.ar\/sitio\/wp-content\/uploads\/2024\/08\/1-2-1536x1187.png 1536w, https:\/\/ifd2-nqn.infd.edu.ar\/sitio\/wp-content\/uploads\/2024\/08\/1-2.png 2000w\" sizes=\"(max-width: 1900px) 100vw, 1900px\" \/><\/figure>\n\n\n\n<figure class=\"wp-block-image\"><img decoding=\"async\" loading=\"lazy\" width=\"1900\" height=\"1468\" src=\"https:\/\/ifd2-nqn.infd.edu.ar\/sitio\/wp-content\/uploads\/2024\/08\/2-1900x1468.png\" alt=\"\" class=\"wp-image-7867\" srcset=\"https:\/\/ifd2-nqn.infd.edu.ar\/sitio\/wp-content\/uploads\/2024\/08\/2-1900x1468.png 1900w, https:\/\/ifd2-nqn.infd.edu.ar\/sitio\/wp-content\/uploads\/2024\/08\/2-1000x773.png 1000w, https:\/\/ifd2-nqn.infd.edu.ar\/sitio\/wp-content\/uploads\/2024\/08\/2-768x593.png 768w, https:\/\/ifd2-nqn.infd.edu.ar\/sitio\/wp-content\/uploads\/2024\/08\/2-1536x1187.png 1536w, https:\/\/ifd2-nqn.infd.edu.ar\/sitio\/wp-content\/uploads\/2024\/08\/2.png 2000w\" sizes=\"(max-width: 1900px) 100vw, 1900px\" \/><\/figure>\n\n\n\n<figure class=\"wp-block-embed is-type-video is-provider-youtube wp-block-embed-youtube wp-embed-aspect-16-9 wp-has-aspect-ratio\"><div class=\"wp-block-embed__wrapper\">\n<iframe loading=\"lazy\" title=\"Profesorado de Educaci\u00f3n Secundaria en Matem\u00e1tica\" width=\"1200\" height=\"675\" src=\"https:\/\/www.youtube.com\/embed\/4WL4flQ1yjw?feature=oembed\" frameborder=\"0\" allow=\"accelerometer; autoplay; clipboard-write; encrypted-media; gyroscope; picture-in-picture; web-share\" referrerpolicy=\"strict-origin-when-cross-origin\" allowfullscreen><\/iframe>\n<\/div><\/figure>\n\n\n\n<hr class=\"wp-block-separator has-alpha-channel-opacity\"\/>\n\n\n\n<figure class=\"wp-block-embed is-type-video is-provider-youtube wp-block-embed-youtube wp-embed-aspect-4-3 wp-has-aspect-ratio\"><div class=\"wp-block-embed__wrapper\">\n<iframe loading=\"lazy\" title=\"PROFESORADO DE MATEM\u00c1TICA\" width=\"1200\" height=\"900\" src=\"https:\/\/www.youtube.com\/embed\/I4WlBkRuaBY?start=2&#038;feature=oembed\" frameborder=\"0\" allow=\"accelerometer; autoplay; clipboard-write; encrypted-media; gyroscope; picture-in-picture; web-share\" referrerpolicy=\"strict-origin-when-cross-origin\" allowfullscreen><\/iframe>\n<\/div><\/figure>\n\n\n\n<p>Seguinos en nuestras redes:&nbsp;<a href=\"https:\/\/instagram.com\/profesoradodematematica?igshid=ZDdkNTZiNTM=\" target=\"_blank\" rel=\"noreferrer noopener\">https:\/\/instagram.com\/profesoradodematematica<\/a><\/p>\n\n\n\n<figure class=\"wp-block-image\"><img decoding=\"async\" loading=\"lazy\" width=\"561\" height=\"534\" src=\"https:\/\/ifd2-nqn.infd.edu.ar\/sitio\/wp-content\/uploads\/2023\/02\/WhatsApp-Image-2023-02-22-at-19.21.39.jpeg\" alt=\"\" class=\"wp-image-5760\"\/><\/figure>\n\n\n\n<hr class=\"wp-block-separator has-alpha-channel-opacity\"\/>\n\n\n\n<p>Coordinadora de la Carrera: Adriana Arce<\/p>\n\n\n\n<p>Contacto: coordinacionmatematicaisfd2@gmail.com<\/p>\n","protected":false},"excerpt":{"rendered":"<p>El Plan de Estudios 577 de la carrera de\u00a0Profesorado en Matem\u00e1tica\u00a0tiene por finalidad la formaci\u00f3n pedag\u00f3gica, cient\u00edfica y t\u00e9cnica de docentes para desarrollar su pr\u00e1ctica en el \u00e1rea de las Matem\u00e1ticas, en los niveles secundario y terciario del sistema educativo, y en el \u00e1mbito de la educaci\u00f3n no formal. Seguinos en nuestras redes:&nbsp;https:\/\/instagram.com\/profesoradodematematica Coordinadora de &#8230; <a title=\"Profesorado de Educaci\u00f3n Secundaria en Matem\u00e1tica\" class=\"read-more\" href=\"https:\/\/ifd2-nqn.infd.edu.ar\/sitio\/profesorado-de-matematica\/\" aria-label=\"More on Profesorado de Educaci\u00f3n Secundaria en Matem\u00e1tica\">[+]<\/a><\/p>\n","protected":false},"author":57,"featured_media":0,"parent":0,"menu_order":0,"comment_status":"closed","ping_status":"closed","template":"","meta":[],"acf":[],"_links":{"self":[{"href":"https:\/\/ifd2-nqn.infd.edu.ar\/sitio\/wp-json\/wp\/v2\/pages\/804"}],"collection":[{"href":"https:\/\/ifd2-nqn.infd.edu.ar\/sitio\/wp-json\/wp\/v2\/pages"}],"about":[{"href":"https:\/\/ifd2-nqn.infd.edu.ar\/sitio\/wp-json\/wp\/v2\/types\/page"}],"author":[{"embeddable":true,"href":"https:\/\/ifd2-nqn.infd.edu.ar\/sitio\/wp-json\/wp\/v2\/users\/57"}],"replies":[{"embeddable":true,"href":"https:\/\/ifd2-nqn.infd.edu.ar\/sitio\/wp-json\/wp\/v2\/comments?post=804"}],"version-history":[{"count":29,"href":"https:\/\/ifd2-nqn.infd.edu.ar\/sitio\/wp-json\/wp\/v2\/pages\/804\/revisions"}],"predecessor-version":[{"id":7879,"href":"https:\/\/ifd2-nqn.infd.edu.ar\/sitio\/wp-json\/wp\/v2\/pages\/804\/revisions\/7879"}],"wp:attachment":[{"href":"https:\/\/ifd2-nqn.infd.edu.ar\/sitio\/wp-json\/wp\/v2\/media?parent=804"}],"curies":[{"name":"wp","href":"https:\/\/api.w.org\/{rel}","templated":true}]}}