{"id":816,"date":"2018-08-31T13:53:32","date_gmt":"2018-08-31T16:53:32","guid":{"rendered":"https:\/\/ifd2-nqn.infd.edu.ar\/sitio\/profesorado-de-educacion-inicial\/"},"modified":"2023-09-26T10:58:38","modified_gmt":"2023-09-26T13:58:38","slug":"profesorado-de-educacion-inicial","status":"publish","type":"page","link":"https:\/\/ifd2-nqn.infd.edu.ar\/sitio\/profesorado-de-educacion-inicial\/","title":{"rendered":"Profesorado de Educaci\u00f3n Inicial"},"content":{"rendered":"<p><strong>CONTACTO:<\/strong><\/p>\n<p><strong><img decoding=\"async\" loading=\"lazy\" class=\"\" src=\"https:\/\/c.tenor.com\/Zi7IOW_EpPAAAAAC\/arrow-blue.gif\" alt=\"Arrow Blue GIF - Arrow Blue Turquoise - Descubre &amp; Comparte GIFs\" width=\"32\" height=\"18\" \/>Profesorado de Educaci\u00f3n Inicial:<\/strong><\/p>\n<p>Correo:\u00a0<a href=\"mailto:equipocoordinacionpei@gmail.com\">equipocoordinacionpei@gmail.com<\/a><\/p>\n<hr \/>\n<h5><a href=\"https:\/\/ifd2-nqn.infd.edu.ar\/sitio\/profesorado-de-educacion-inicial\/upload\/profesorado_de_educacion_inicial.pdf\" target=\"_blank\" rel=\"noopener\"><strong>Click aqu\u00ed para descargar el Dise\u00f1o Curricular Profesorado Educaci\u00f3n Inicial \u2013 Plan 640<\/strong><\/a><\/h5>\n<p>\u00a0<\/p>\n<p>\u00a0<img decoding=\"async\" loading=\"lazy\" class=\"alignnone size-medium wp-image-7040\" src=\"https:\/\/ifd2-nqn.infd.edu.ar\/sitio\/wp-content\/uploads\/2023\/09\/WhatsApp-Image-2023-09-26-at-10.35.18.jpeg\" alt=\"\" width=\"998\" height=\"699\" srcset=\"https:\/\/ifd2-nqn.infd.edu.ar\/sitio\/wp-content\/uploads\/2023\/09\/WhatsApp-Image-2023-09-26-at-10.35.18.jpeg 998w, https:\/\/ifd2-nqn.infd.edu.ar\/sitio\/wp-content\/uploads\/2023\/09\/WhatsApp-Image-2023-09-26-at-10.35.18-768x538.jpeg 768w\" sizes=\"(max-width: 998px) 100vw, 998px\" \/><\/p>\n<h3><img decoding=\"async\" loading=\"lazy\" class=\"alignnone size-medium wp-image-7039\" src=\"https:\/\/ifd2-nqn.infd.edu.ar\/sitio\/wp-content\/uploads\/2023\/09\/WhatsApp-Image-2023-09-26-at-10.35.25-1000x704.jpeg\" alt=\"\" width=\"1000\" height=\"704\" srcset=\"https:\/\/ifd2-nqn.infd.edu.ar\/sitio\/wp-content\/uploads\/2023\/09\/WhatsApp-Image-2023-09-26-at-10.35.25-1000x704.jpeg 1000w, https:\/\/ifd2-nqn.infd.edu.ar\/sitio\/wp-content\/uploads\/2023\/09\/WhatsApp-Image-2023-09-26-at-10.35.25-768x541.jpeg 768w, https:\/\/ifd2-nqn.infd.edu.ar\/sitio\/wp-content\/uploads\/2023\/09\/WhatsApp-Image-2023-09-26-at-10.35.25.jpeg 1011w\" sizes=\"(max-width: 1000px) 100vw, 1000px\" \/><\/h3>\n\n\n<figure class=\"wp-block-embed is-type-video is-provider-youtube wp-block-embed-youtube wp-embed-aspect-16-9 wp-has-aspect-ratio\"><div class=\"wp-block-embed__wrapper\">\n<iframe loading=\"lazy\" title=\"PROFESORADO DE NIVEL INICIAL\" width=\"1200\" height=\"675\" src=\"https:\/\/www.youtube.com\/embed\/9o0TbQNzx8E?feature=oembed\" frameborder=\"0\" allow=\"accelerometer; autoplay; clipboard-write; encrypted-media; gyroscope; picture-in-picture; web-share\" allowfullscreen><\/iframe>\n<\/div><\/figure>\n","protected":false},"excerpt":{"rendered":"<p>CONTACTO: Profesorado de Educaci\u00f3n Inicial: Correo:\u00a0equipocoordinacionpei@gmail.com Click aqu\u00ed para descargar el Dise\u00f1o Curricular Profesorado Educaci\u00f3n Inicial \u2013 Plan 640 \u00a0 \u00a0<\/p>\n","protected":false},"author":57,"featured_media":0,"parent":0,"menu_order":0,"comment_status":"closed","ping_status":"closed","template":"","meta":[],"acf":[],"_links":{"self":[{"href":"https:\/\/ifd2-nqn.infd.edu.ar\/sitio\/wp-json\/wp\/v2\/pages\/816"}],"collection":[{"href":"https:\/\/ifd2-nqn.infd.edu.ar\/sitio\/wp-json\/wp\/v2\/pages"}],"about":[{"href":"https:\/\/ifd2-nqn.infd.edu.ar\/sitio\/wp-json\/wp\/v2\/types\/page"}],"author":[{"embeddable":true,"href":"https:\/\/ifd2-nqn.infd.edu.ar\/sitio\/wp-json\/wp\/v2\/users\/57"}],"replies":[{"embeddable":true,"href":"https:\/\/ifd2-nqn.infd.edu.ar\/sitio\/wp-json\/wp\/v2\/comments?post=816"}],"version-history":[{"count":3,"href":"https:\/\/ifd2-nqn.infd.edu.ar\/sitio\/wp-json\/wp\/v2\/pages\/816\/revisions"}],"predecessor-version":[{"id":7042,"href":"https:\/\/ifd2-nqn.infd.edu.ar\/sitio\/wp-json\/wp\/v2\/pages\/816\/revisions\/7042"}],"wp:attachment":[{"href":"https:\/\/ifd2-nqn.infd.edu.ar\/sitio\/wp-json\/wp\/v2\/media?parent=816"}],"curies":[{"name":"wp","href":"https:\/\/api.w.org\/{rel}","templated":true}]}}