{"id":8717,"date":"2025-05-07T21:27:41","date_gmt":"2025-05-08T00:27:41","guid":{"rendered":"https:\/\/ifd2-nqn.infd.edu.ar\/sitio\/?page_id=8717"},"modified":"2025-05-07T21:27:43","modified_gmt":"2025-05-08T00:27:43","slug":"formatos-de-entrega-proyectos-extension","status":"publish","type":"page","link":"https:\/\/ifd2-nqn.infd.edu.ar\/sitio\/formatos-de-entrega-proyectos-extension\/","title":{"rendered":"Formatos de Entrega Proyectos Extensi\u00f3n"},"content":{"rendered":"\n<h3 class=\"wp-block-heading\"><\/h3>\n\n\n\n<p><a href=\"https:\/\/ifd2-nqn.infd.edu.ar\/sitio\/wp-content\/uploads\/2024\/03\/Redaccion-de-proyectos.pdf\" target=\"_blank\" rel=\"noreferrer noopener\">REDACCI\u00d3N DE PROYECTOS<\/a><\/p>\n\n\n\n<p><a href=\"https:\/\/ifd2-nqn.infd.edu.ar\/sitio\/wp-content\/uploads\/2022\/02\/FORMATO-ENTREGA.docx\" target=\"_blank\" rel=\"noreferrer noopener\">FORMATO ENTREGA<\/a><\/p>\n\n\n\n<p><a href=\"https:\/\/ifd2-nqn.infd.edu.ar\/sitio\/wp-content\/uploads\/2024\/11\/EVALUACIO%CC%81N-de-proyectos-de-Extension-en-blanco-1.docx\" target=\"_blank\" rel=\"noreferrer noopener\">EVALUACI\u00d3N de proyectos de Extensi\u00f3n&nbsp;<\/a><\/p>\n","protected":false},"excerpt":{"rendered":"<p>REDACCI\u00d3N DE PROYECTOS FORMATO ENTREGA EVALUACI\u00d3N de proyectos de Extensi\u00f3n&nbsp;<\/p>\n","protected":false},"author":134,"featured_media":0,"parent":0,"menu_order":0,"comment_status":"closed","ping_status":"closed","template":"","meta":[],"acf":[],"_links":{"self":[{"href":"https:\/\/ifd2-nqn.infd.edu.ar\/sitio\/wp-json\/wp\/v2\/pages\/8717"}],"collection":[{"href":"https:\/\/ifd2-nqn.infd.edu.ar\/sitio\/wp-json\/wp\/v2\/pages"}],"about":[{"href":"https:\/\/ifd2-nqn.infd.edu.ar\/sitio\/wp-json\/wp\/v2\/types\/page"}],"author":[{"embeddable":true,"href":"https:\/\/ifd2-nqn.infd.edu.ar\/sitio\/wp-json\/wp\/v2\/users\/134"}],"replies":[{"embeddable":true,"href":"https:\/\/ifd2-nqn.infd.edu.ar\/sitio\/wp-json\/wp\/v2\/comments?post=8717"}],"version-history":[{"count":1,"href":"https:\/\/ifd2-nqn.infd.edu.ar\/sitio\/wp-json\/wp\/v2\/pages\/8717\/revisions"}],"predecessor-version":[{"id":8719,"href":"https:\/\/ifd2-nqn.infd.edu.ar\/sitio\/wp-json\/wp\/v2\/pages\/8717\/revisions\/8719"}],"wp:attachment":[{"href":"https:\/\/ifd2-nqn.infd.edu.ar\/sitio\/wp-json\/wp\/v2\/media?parent=8717"}],"curies":[{"name":"wp","href":"https:\/\/api.w.org\/{rel}","templated":true}]}}