{"id":973,"date":"2018-10-16T19:00:17","date_gmt":"2018-10-16T22:00:17","guid":{"rendered":"https:\/\/ifd2-nqn.infd.edu.ar\/sitio\/?page_id=973"},"modified":"2025-10-07T20:59:20","modified_gmt":"2025-10-07T23:59:20","slug":"cursos-virtuales-gratuitos","status":"publish","type":"page","link":"https:\/\/ifd2-nqn.infd.edu.ar\/sitio\/cursos-virtuales-gratuitos\/","title":{"rendered":"CURSOS  GRATUITOS"},"content":{"rendered":"<p><img decoding=\"async\" loading=\"lazy\" class=\"alignleft wp-image-4823\" src=\"https:\/\/ifd2-nqn.infd.edu.ar\/sitio\/wp-content\/uploads\/2022\/09\/WhatsApp-Image-2022-09-05-at-16.50.54.jpeg\" sizes=\"(max-width: 481px) 100vw, 481px\" srcset=\"https:\/\/ifd2-nqn.infd.edu.ar\/sitio\/wp-content\/uploads\/2022\/09\/WhatsApp-Image-2022-09-05-at-16.50.54.jpeg 965w, https:\/\/ifd2-nqn.infd.edu.ar\/sitio\/wp-content\/uploads\/2022\/09\/WhatsApp-Image-2022-09-05-at-16.50.54-768x423.jpeg 768w\" alt=\"\" width=\"481\" height=\"264\" \/><strong>Inscripci\u00f3n a Cursos Nacionales \u2013 INFOD \/NUESTRA ESCUELA<\/strong><\/p>\n<p>Recomendamos mirar todas las propuestas disponibles y si te interesa te anotes en aquella o aquellas que crean ser\u00e1n un aporte a su formaci\u00f3n. Las tem\u00e1ticas son muy diversas, hay propuestas para todos los perfiles, de todos los niveles y modalidades, en todos los campos de conocimiento.<\/p>\n<p>Informes e inscripci\u00f3n\u00a0<a href=\"https:\/\/infod.educacion.gob.ar\/cursos\" target=\"_blank\" rel=\"noopener\">https:\/\/infod.educacion.gob.ar\/cursos<\/a><\/p>\n<hr \/>\n<p style=\"font-weight: 400;\"><div  class=\"lgc-column lgc-grid-parent lgc-grid-50 lgc-tablet-grid-50 lgc-mobile-grid-100 lgc-equal-heights \"><div  class=\"inside-grid-column\"><img decoding=\"async\" loading=\"lazy\" class=\"alignnone wp-image-9430\" src=\"https:\/\/ifd2-nqn.infd.edu.ar\/sitio\/wp-content\/uploads\/2025\/10\/Diseno-sin-titulo-1-667x1000.png\" alt=\"\" width=\"450\" height=\"675\" srcset=\"https:\/\/ifd2-nqn.infd.edu.ar\/sitio\/wp-content\/uploads\/2025\/10\/Diseno-sin-titulo-1-667x1000.png 667w, https:\/\/ifd2-nqn.infd.edu.ar\/sitio\/wp-content\/uploads\/2025\/10\/Diseno-sin-titulo-1-1266x1900.png 1266w, https:\/\/ifd2-nqn.infd.edu.ar\/sitio\/wp-content\/uploads\/2025\/10\/Diseno-sin-titulo-1-768x1152.png 768w, https:\/\/ifd2-nqn.infd.edu.ar\/sitio\/wp-content\/uploads\/2025\/10\/Diseno-sin-titulo-1-1024x1536.png 1024w, https:\/\/ifd2-nqn.infd.edu.ar\/sitio\/wp-content\/uploads\/2025\/10\/Diseno-sin-titulo-1.png 1333w\" sizes=\"(max-width: 450px) 100vw, 450px\" \/><\/div><\/div><div  class=\"lgc-column lgc-grid-parent lgc-grid-50 lgc-tablet-grid-50 lgc-mobile-grid-100 lgc-equal-heights \"><div  class=\"inside-grid-column\">\n<p><strong>Cursos Autoasistidos<\/strong><br \/>\n<img decoding=\"async\" loading=\"lazy\" class=\"alignnone  wp-image-9382\" src=\"https:\/\/ifd2-nqn.infd.edu.ar\/sitio\/wp-content\/uploads\/2025\/09\/altoparlante.png\" alt=\"\" width=\"48\" height=\"48\" srcset=\"https:\/\/ifd2-nqn.infd.edu.ar\/sitio\/wp-content\/uploads\/2025\/09\/altoparlante.png 512w, https:\/\/ifd2-nqn.infd.edu.ar\/sitio\/wp-content\/uploads\/2025\/09\/altoparlante-500x500.png 500w\" sizes=\"(max-width: 48px) 100vw, 48px\" \/>ATENCI\u00d3N comunidad educativa del ISFD N\u00b02.<\/p>\n<p><img decoding=\"async\" loading=\"lazy\" class=\"alignnone  wp-image-9011\" src=\"https:\/\/ifd2-nqn.infd.edu.ar\/sitio\/wp-content\/uploads\/2025\/06\/trabajar.png\" alt=\"\" width=\"22\" height=\"22\" srcset=\"https:\/\/ifd2-nqn.infd.edu.ar\/sitio\/wp-content\/uploads\/2025\/06\/trabajar.png 512w, https:\/\/ifd2-nqn.infd.edu.ar\/sitio\/wp-content\/uploads\/2025\/06\/trabajar-500x500.png 500w\" sizes=\"(max-width: 22px) 100vw, 22px\" \/>Si est\u00e1s interesado en realizar estos cursos, enviar los siguientes datos para el ingreso al campus virtual : DNI, NOMBRE Y APELLIDO, CORREO ELECTR\u00d3NICO Y PROFESORADO.<\/p>\n<p><img decoding=\"async\" loading=\"lazy\" class=\"alignnone  wp-image-9011\" src=\"https:\/\/ifd2-nqn.infd.edu.ar\/sitio\/wp-content\/uploads\/2025\/06\/trabajar.png\" alt=\"\" width=\"22\" height=\"22\" srcset=\"https:\/\/ifd2-nqn.infd.edu.ar\/sitio\/wp-content\/uploads\/2025\/06\/trabajar.png 512w, https:\/\/ifd2-nqn.infd.edu.ar\/sitio\/wp-content\/uploads\/2025\/06\/trabajar-500x500.png 500w\" sizes=\"(max-width: 22px) 100vw, 22px\" \/>\u00a0Indicar EL NOMBRE especifico del curso al que est\u00e1s interesado<\/p>\n<p><img decoding=\"async\" loading=\"lazy\" class=\"alignnone  wp-image-9043\" src=\"https:\/\/ifd2-nqn.infd.edu.ar\/sitio\/wp-content\/uploads\/2025\/06\/gmail.png\" alt=\"\" width=\"35\" height=\"35\" srcset=\"https:\/\/ifd2-nqn.infd.edu.ar\/sitio\/wp-content\/uploads\/2025\/06\/gmail.png 512w, https:\/\/ifd2-nqn.infd.edu.ar\/sitio\/wp-content\/uploads\/2025\/06\/gmail-500x500.png 500w\" sizes=\"(max-width: 35px) 100vw, 35px\" \/> Enviar datos a:<br \/>\n<a href=\"mailto:aulasvirtualesdocentes@gmail.com\" target=\"_blank\" rel=\"noopener\">aulasvirtualesdocentes@gmail.com<\/a><br \/>\n<a href=\"mailto:aulasvirtualesestudiantes@gmail.com\" target=\"_blank\" rel=\"noopener\">aulasvirtualesestudiantes@gmail.com<\/a><\/p>\n<p><img decoding=\"async\" loading=\"lazy\" class=\"alignnone  wp-image-9434\" src=\"https:\/\/ifd2-nqn.infd.edu.ar\/sitio\/wp-content\/uploads\/2025\/10\/senal-de-peligro.png\" alt=\"\" width=\"38\" height=\"38\" srcset=\"https:\/\/ifd2-nqn.infd.edu.ar\/sitio\/wp-content\/uploads\/2025\/10\/senal-de-peligro.png 512w, https:\/\/ifd2-nqn.infd.edu.ar\/sitio\/wp-content\/uploads\/2025\/10\/senal-de-peligro-500x500.png 500w\" sizes=\"(max-width: 38px) 100vw, 38px\" \/> IMPORTANTE: Al ser cursos autoasistidos, de car\u00e1cter informativo, NO se otorga PUNTAJE y\/o certificaci\u00f3n.<\/p>\n<p style=\"font-weight: 400;\"><\/p><\/div><\/div>\n","protected":false},"excerpt":{"rendered":"<p>Inscripci\u00f3n a Cursos Nacionales \u2013 INFOD \/NUESTRA ESCUELA Recomendamos mirar todas las propuestas disponibles y si te interesa te anotes en aquella o aquellas que crean ser\u00e1n un aporte a su formaci\u00f3n. Las tem\u00e1ticas son muy diversas, hay propuestas para todos los perfiles, de todos los niveles y modalidades, en todos los campos de conocimiento. &#8230; <a title=\"CURSOS  GRATUITOS\" class=\"read-more\" href=\"https:\/\/ifd2-nqn.infd.edu.ar\/sitio\/cursos-virtuales-gratuitos\/\" aria-label=\"More on CURSOS  GRATUITOS\">[+]<\/a><\/p>\n","protected":false},"author":103,"featured_media":0,"parent":0,"menu_order":0,"comment_status":"closed","ping_status":"closed","template":"","meta":[],"acf":[],"_links":{"self":[{"href":"https:\/\/ifd2-nqn.infd.edu.ar\/sitio\/wp-json\/wp\/v2\/pages\/973"}],"collection":[{"href":"https:\/\/ifd2-nqn.infd.edu.ar\/sitio\/wp-json\/wp\/v2\/pages"}],"about":[{"href":"https:\/\/ifd2-nqn.infd.edu.ar\/sitio\/wp-json\/wp\/v2\/types\/page"}],"author":[{"embeddable":true,"href":"https:\/\/ifd2-nqn.infd.edu.ar\/sitio\/wp-json\/wp\/v2\/users\/103"}],"replies":[{"embeddable":true,"href":"https:\/\/ifd2-nqn.infd.edu.ar\/sitio\/wp-json\/wp\/v2\/comments?post=973"}],"version-history":[{"count":19,"href":"https:\/\/ifd2-nqn.infd.edu.ar\/sitio\/wp-json\/wp\/v2\/pages\/973\/revisions"}],"predecessor-version":[{"id":9435,"href":"https:\/\/ifd2-nqn.infd.edu.ar\/sitio\/wp-json\/wp\/v2\/pages\/973\/revisions\/9435"}],"wp:attachment":[{"href":"https:\/\/ifd2-nqn.infd.edu.ar\/sitio\/wp-json\/wp\/v2\/media?parent=973"}],"curies":[{"name":"wp","href":"https:\/\/api.w.org\/{rel}","templated":true}]}}